y**3/3 + 1321*y**2. Let c = 0 - 6. Let j be w(c). Let f(v) = v - 2. Calculate f(j).
2
Let g(o) = 28887*o**2 + o + 2 - 57774*o**2 + 28888*o**2 + 4*o. Let a(i) = i**2 + i - 3. Let l be a(0). Determine g(l).
-4
Suppose 0*g - 91 = 2*g + 5*s, -s - 193 = 5*g. Suppose 4*w = 196 - 40. Let t = g + w. Let i(q) = -13*q**3 - 2*q**2 + 1. Give i(t).
-14
Let l(q) be the third derivative of q**7/840 - 7*q**6/360 + 5*q**4/24 + 3*q**3/2 - 29*q**2 - 2*q. Let h(u) be the first derivative of l(u). Give h(7).
5
Let k(c) be the second derivative of -7/6*c**3 + 38 - 2*c**2 - 3*c. Determine k(-3).
17
Let c be -4*(4 + 45/(-10)). Let m(h) = 804*h - 806*h + 2*h**3 - h**3 - 2*h**3 - 2 + 5*h**c. Determine m(3).
10
Let j be (-66)/220*(-4)/6*0. Let t(q) be the first derivative of q**3/3 - q**2/2 + 20*q - 11. Determine t(j).
20
Suppose 3*s - s = -10. Let g(n) be the third derivative of 23*n**4/24 - 11*n**3/6 + 186*n**2. Let z(x) = 42*x - 21. Let j(p) = 11*g(p) - 6*z(p). Give j(s).
0
Let y(o) = 5*o**3 + o**2 - 6*o + 64. Let p(n) = -4*n**3 - 3*n**2 + 3*n - 62. Let u(g) = 4*p(g) + 3*y(g). Give u(-9).
-2
Let j(k) be the third derivative of -k**4/12 - 5*k**3/6 - 468*k**2. Let x be -23 + 19 - 10/(-1). Determine j(x).
-17
Let t be -3 - (-7)/((-21)/(-45)). Let u(s) = -3*s**2 + 40*s + 53. Let y(v) = v**2 - 13*v - 17. Let z(i) = -2*u(i) - 7*y(i). What is z(t)?
1
Let t(o) = 9*o**2 + 9*o + 117. Let s(c) = -5*c**2 - 5*c - 58. Let f(m) = 7*s(m) + 4*t(m). Let g(z) be the first derivative of f(z). Give g(1).
3
Let s(h) be the second derivative of 1/20*h**5 + 4*h + 5/2*h**2 + 0 - 7/12*h**4 + 2/3*h**3. Let q = -94 - -100. What is s(q)?
-7
Let h(a) = -3*a**2 + a + 23. Suppose 0*x + 164 = 9*x - 50*x. Give h(x).
-29
Let b(g) be the third derivative of g**6/240 - 3*g**5/40 + 37*g**4/24 - g**3/3 - 4*g**2 - 8. Let h(w) be the second derivative of b(w). Determine h(4).
3
Let c(r) = -7*r + 35*r**2 - 4*r - 68*r**2 + r**3 - 19 + 6*r + 36*r**2. Determine c(-4).
-15
Let l(t) = 9*t - 4. Let p(y) = 19*y**2 - y - 21. Let d(q) = -3*q**2 + q - 2. Let h(s) = -6*d(s) - p(s). Let x be h(4). What is l(x)?
-31
Suppose 48 = 9542*s - 9526*s. Let n(k) be the third derivative of 0 - 1/60*k**5 + 1/3*k**s + 0*k - 1/12*k**4 + 1/60*k**6 + 21*k**2. Determine n(2).
10
Let q(i) be the third derivative of -156*i**2 - 1/120*i**6 + 5/6*i**3 + 0*i + 1/6*i**5 + 0 - 1/8*i**4. Determine q(10).
-25
Let h(a) = -a**2 - 21*a - 78. Suppose 4*i + 3 = 3*o, -5*o - 41 = 9*i - 8*i. Determine h(o).
20
Let o(t) = 3*t**2 - 13*t - 3. Let d(w) = w**2 - 4*w - 1. Suppose -4*x = -5*u + 88, 5*x + 0*x + u = -81. Let z(i) = x*d(i) + 6*o(i). Calculate z(10).
-1
Let q(p) = -p**3 - 6*p**2 - p - 2. Suppose 226 = 8*n + 1034. Let l = 98 + n. What is q(l)?
-26
Suppose 109*r = 102*r - 14. Let p(h) = -34*h - 71. Give p(r).
-3
Let t(n) = 384 + 10*n - 78*n + 18*n - 24*n + 21*n. Calculate t(7).
13
Let v(b) be the third derivative of -b**5/20 + 11*b**4/6 + 5*b**3/2 + 170*b**2 - 5*b. What is v(15)?
0
Let l(t) = -5*t + 26. Let z be l(5). Let x be z + (1 + 4 - (5 - 4)). Let n(s) = x*s - 6*s - s + s. Give n(7).
-7
Let y(k) be the second derivative of -k**3/2 - 3*k**2 - 7*k. Let n be (-123)/82*8/3. Calculate y(n).
6
Let k(h) be the third derivative of -1/60*h**5 - 2*h**2 + 0*h + 1/2*h**3 + 14 - 5/24*h**4 + 1/120*h**6. Give k(3).
6
Let p(c) = -1330*c + 593*c - 34 + 749*c. Give p(0).
-34
Suppose 0 = 40*w - 471 + 231. Let k(f) be the first derivative of f**4/4 - 5*f**3/3 - 5*f**2/2 + 7*f - 9. Give k(w).
13
Let i(p) = -1 + 28*p - 8*p - 1 - 2 - 9*p. What is i(-1)?
-15
Let g(t) = -2*t + 26. Suppose i - 5*c = 19, 3*i + c = -c + 91. Suppose 0 = 2*a - 5*y - i, -a + 3*y + 14 + 1 = 0. Let k be g(a). Let j(v) = 13*v. Give j(k).
26
Let v(g) = -g - 3. Let s(d) be the second derivative of 0 + 1/6*d**3 + 1/2*d**2 - 12*d. Let m(f) = -4*s(f) - 2*v(f). Determine m(-3).
8
Let z be (-8 - (-36)/5)/(5*3/75). Let f(h) = -9*h + 2. Calculate f(z).
38
Let q(z) be the third derivative of z**4/6 - 5*z**3/3 - 7*z**2 + 626. Let k(p) = p + 2. Let b be k(7). Give q(b).
26
Let q be (140/(-56))/(5/20). Let k(j) = -j - 8 + 12 + 0*j + 6. Determine k(q).
20
Let c(t) = t - 56. Let s(q) = 5*q - 83. Let r(m) = -17*m + 249. Let k(f) = 2*r(f) + 7*s(f). Let o(y) = -7*c(y) + 5*k(y). Calculate o(-11).
-1
Suppose 0 = 65*a - 60*a - 15. Let n(j) be the first derivative of -j**4/4 + 4*j**3/3 + j**2/2 - 2*j - 33. What is n(a)?
10
Let r = -20847 - -20855. Let z(n) = -n**3 + 10*n**2 - 13*n + 17. Determine z(r).
41
Let w = 133 + -127. Let v(t) be the third derivative of -t**6/120 + t**5/12 + t**4/3 - 3*t**3/2 + 3*t**2. Determine v(w).
3
Let x(z) = z**3 - 13*z**2 - 80*z - 177. Let n be x(18). Let w(r) be the second derivative of -2/3*r**n + 0 - 21*r + r**2 - 1/6*r**4. Give w(-5).
-28
Let x(i) be the second derivative of -i**4/6 + i**3 - 25*i**2/2 + 1810*i. What is x(7)?
-81
Let r(o) be the first derivative of o**3/3 - 5*o**2 + 5*o + 5. Suppose 20 = -5*c, l + 3*c - 17 = -22. Determine r(l).
-16
Let b(u) = 2*u + 9. Suppose 39*g - 48*g + 2853 = 0. Let p = g + -310. What is b(p)?
23
Suppose 211*x - 1021 = -3176 + 678. Let m(r) be the first derivative of -3*r**2/2 - 17*r + 1. What is m(x)?
4
Let j(d) = d**2 - 9*d - 4. Let m = 235 + -27. Let p = m + -202. Give j(p).
-22
Let h(c) = 7*c - 5. Let q(z) = -20*z + 14. Let k = 27 + -25. Suppose -k*y = -8*y + 66. Let m(l) = y*h(l) + 4*q(l). Calculate m(-2).
7
Let f(u) be the second derivative of u**6/720 + u**5/15 - 25*u**4/12 + 45*u. Let s(h) be the third derivative of f(h). Let w be 2 + -13 + -6 + 6. Give s(w).
-3
Let y be 3 - (-12 + (-168)/(-14)). Let s(z) be the first derivative of -2*z**3 - 1 - 3*z + y*z**2 + 1/4*z**4. Give s(5).
2
Let t = -880 - -1087. Let n be 23/t - (-3)/((-27)/28). Let g(i) = i**2 + 7*i + 7. Determine g(n).
-5
Let q(v) be the third derivative of -v**5/60 - 3*v**4/8 + v**3 + 4068*v**2 + 2*v. Suppose -5 = r + 2*x + 8, -x = 3*r + 29. Give q(r).
6
Let t(g) = -g**3 - 8*g**2 - 7*g - 4. Let a be t(-7). Let b be (10/8)/(1/a). Let i(d) = -d**3 + 6*d + 101 - 4*d**2 - 159 + 52. Give i(b).
-11
Let a = 81 - 83. Suppose -12 = -3*j + 5*g, -j + 2*g - 3*g - 4 = 0. Let p be j/((-13)/(-7) + a). Let d(s) = -s**2 + 7*s - 1. Calculate d(p).
-1
Let b(c) be the third derivative of -c**7/5040 - c**6/720 + c**5/30 + 41*c**3/3 + 35*c**2 + 1. Let n(f) be the third derivative of b(f). Give n(0).
-1
Let r(c) be the third derivative of c**6/120 - 7*c**5/30 + 5*c**4/12 - 7*c**3/2 - 3*c**2 - 16*c + 7. Give r(13).
-60
Let m(k) be the second derivative of -k**3/2 - 5*k**2/2 - 6*k. Let y(r) = -4*r - 6. Let n(g) = 5*m(g) - 4*y(g). Suppose 0 = 5*t - 10 + 40. Determine n(t).
-7
Suppose 0 = 20*k - 23*k + 2*i - 20, -k = -i + 8. Let l(t) = -2*t**3 - 5*t**2 - 5*t - 7. Determine l(k).
61
Suppose 4*n - 4*g = 36, -2*n + 56 - 14 = 4*g. Let p(a) be the third derivative of -a**5/60 + 13*a**4/24 - a**3/3 - a**2 + 52*a. Determine p(n).
-2
Let w = -877 + 877. Let f(d) be the first derivative of d**3/3 - 5*d + 40. Calculate f(w).
-5
Let u(m) = 2*m + 6. Let s = -40 - -45. Suppose -s*f = -0*f + 30. What is u(f)?
-6
Let a(g) = g - 2. Let p(r) be the second derivative of -r**3/6 + r**2 - 2*r - 38. Let i(s) = 4*a(s) + 3*p(s). Determine i(7).
5
Let k(h) = -h + 1. Let n = 13 - 13. Suppose -5*f + 8*f = 5*a, -2*f + 4*a = n. Suppose -4*z - 10 = 2*t, f*z + 5*t = -z + 20. Give k(z).
6
Suppose -14*x = -x + 65. Let f(a) be the second derivative of a**5/20 + 5*a**4/12 + a**3/3 - 2*a - 16. What is f(x)?
-10
Let l(f) = 4*f + 1. Suppose -197*h - 5*x = -200*h + 24, 3*x + 8 = 5*h. Calculate l(h).
-7
Suppose 34 + 46 = -8*b. Let o(s) = 48*s + 7. Let p(n) = 26*n + 4. Let v(g) = 6*o(g) - 11*p(g). Give v(b).
-22
Let v(n) = -5*n - 9*n + 4319 - 8588 + 4340 - n**2. Calculate v(-21).
-76
Let u be 2 + 3 + -4 + 3. Let y(l) be the first derivative of -5*l**2/2 - 2*l + 18. Give y(u).
-22
Let q(d) = -d**2 - 156*d - 6. Let j be q(0). Let w(r) = -18*r - 120. Give w(j).
-12
Let t(k) = -920 + 10*k**2 + 52*k + k**3 - 28*k + 921. Determine t(-5).
6
Let t = -21382 - -21358. Let r(u) = -7*u - 177. Calculate r(t).
-9
Let k(z) = 6*z. Suppose -7*l = -13*l - 648. Let c = -107 - l. What is k(c)?
6
Let f(l) be the second derivative of 0 + 10*l + 1/2*l**3 + 9/2*l**2. Give f(-2).
3
Let f(p) = 3*p**3 - 2*p**2 - 4*p + 2. Let h(d) = d**2 + d - 1. Let g(c) = -f(c